 + -2)) + (-12 - -13).
1
What is the value of 5 - 0 - (3 + 7)?
-5
What is the value of 5 + 1 + (32 - 37)?
1
What is -4 - (-2 + -2 + 2)?
-2
What is the value of 2 - (-4 - (-6 + 0))?
0
What is the value of (-6 - -5 - (-1 + 0)) + 1?
1
Calculate (0 - 0) + (-11 - -8) + -2.
-5
What is 7 + 6 + -4 + -4?
5
What is the value of 48 + -46 + 4 + -1?
5
Evaluate -5 - 0 - (103 + -99).
-9
Evaluate (11 - -7 - 7) + -18.
-7
Evaluate 4 + -5 + -7 + 8 + -4.
-4
What is the value of -1 + 2 + (-1 - 1 - 0)?
-1
0 - (-2 + (5 - 2))
-1
Calculate (6 - -1) + 3 + -6.
4
Evaluate 4 + (-7 - -9) - (2 - -1).
3
What is the value of 6 + -10 - -9 - 8?
-3
(-10 - -2) + 23 + -16
-1
(-1 - -7) + (-12 - (-9 - 1))
4
What is the value of 8 + (-10 - (4 + -9))?
3
1 + 3 + -13 + 5
-4
(4 - 3) + -5 + (8 - 4)
0
Calculate -6 + 3 - ((3 - 12) + 4).
2
What is the value of (-6 - 0) + (0 - (-6 - -3))?
-3
Evaluate 5 + -13 + 24 - 13.
3
What is the value of -2 - (9 - -2) - -13?
0
-7 + -3 + -6 + 8 - -18
10
Calculate 11 + 2 + (12 - 21).
4
What is -10 - (-9 - -11 - 11)?
-1
Calculate (5 + -1 - -1 - 5) + -2.
-2
Evaluate 8 + 1 + (-59 - -58).
8
What is -4 - (-11 - -4) - 8?
-5
What is 1 + -1 + 1 + -3 - -5?
3
Calculate (5 - 7 - 0) + (0 - -2).
0
What is 9 + -11 - (-11 + (0 - -3))?
6
Calculate 7 - (9 - -5) - -7.
0
-6 + (1 + -4 - -8)
-1
Calculate (-3 - (-5 - -5)) + (-5 - -7).
-1
Calculate -9 - (-9 + -3 + 7).
-4
1 + -11 + 2 + 3
-5
-5 + -4 + -2 + -2 + 9
-4
What is -6 + 2 - -3 - (6 + 0)?
-7
What is 3 + -2 + -27 + 27?
1
Calculate 7 - 2 - 5 - (3 + 0).
-3
What is (0 - 10) + -5 + 10?
-5
Calculate 4 - (1 - 2 - (0 - 2)).
3
What is the value of -9 + 7 - (-1 - -2)?
-3
What is 2 - -1 - (4 - 4 - -6)?
-3
Evaluate (2 - -6) + 1 + 1 + -12.
-2
Evaluate (7 - (2 - -2)) + -8.
-5
Calculate (-4 - (-9 - -6)) + -1 + 0.
-2
What is the value of (0 - 1) + (7 - 4) + 1?
3
Evaluate 2 + (4 - (9 + 0)) + 0.
-3
(6 - 10) + (0 - 0)
-4
What is the value of (8 + -7 - -4) + -11 + 2?
-4
Calculate 0 - (0 + 0) - (38 - 37).
-1
What is the value of -37 + 37 - (0 - 4)?
4
What is the value of 5 + (-6 - -3) + 3?
5
What is -4 - (-5 - -3) - -1?
-1
What is (-20 - -15) + (2 - -1)?
-2
-2 - -10 - 6 - 6
-4
Evaluate -2 + -12 + 6 - -2.
-6
0 + 5 - -3 - (1 + 3)
4
What is -9 + (5 - -6 - 3)?
-1
What is the value of 1 - (1 + 0 + 5)?
-5
Evaluate 0 - 1 - (-6 + 7 + -2).
0
What is -1 + (6 - 1) + -9 + 0?
-5
What is -8 + 10 + -7 - (-3 + -1)?
-1
(3 + -10 - -3) + 2
-2
What is the value of -4 + -8 + (-10 - -11)?
-11
Evaluate (-5 - (12 - 9)) + (7 - -4).
3
1 - (-4 - (-5 + -3) - 1)
-2
Calculate (5 - 6) + 6 - 1.
4
What is the value of 7 - (-1 - (-16 + 7 + -7))?
-8
What is (-221 - -222) + (-8 - 1 - -1)?
-7
Calculate -2 + 3 - (-12 + 8 - -8).
-3
Calculate -6 + (8 - 6) - -1.
-3
What is 0 - 3 - ((-5 - -5) + -5)?
2
What is the value of (4 - 5) + -1 + (-1 - -1)?
-2
What is -74 - -72 - (2 - -1)?
-5
Calculate 6 - (-2 - (-4 + 1)).
5
Calculate -6 + 13 - (16 + -5).
-4
What is the value of 3 + -5 + (-1 - -2)?
-1
What is the value of -3 + 4 + -7 + 6?
0
What is -1 + -1 + (-3 - -3)?
-2
What is 7 + (4 - 19 - (-1 + -2))?
-5
1 + -2 - (-6 + (0 - 0))
5
Evaluate 1 + 4 - (-3 - (-3 + -3)).
2
Evaluate 7 + -1 - (-59 - -61).
4
Evaluate 0 - (-1 - 1) - (-13 - -12).
3
What is 7 + (-18 - (-20 - -13))?
-4
Evaluate 0 + 1 + -6 + (9 - 3).
1
What is the value of 15 - (0 + 1) - (-348 - -353)?
9
What is 3 + (1 - 3 - 3) + 2?
0
What is 1 - (4 - -2) - -2?
-3
What is the value of (-170 - -167) + (1 - -6) + -2?
2
0 + (0 - (4 - 6))
2
What is the value of 3 + -1 + (0 - (-11 + 14))?
-1
(-2 + 5 - 0) + -5
-2
What is the value of 0 + 7 + 5 + 6 + -12?
6
What is 3 + -5 - -1 - -3?
2
Calculate -1 - -5 - (-12 - -12).
4
Calculate -8 - (-13 + 9) - -6.
2
What is -7 - (2 - (10 + -5))?
-4
Calculate 9 + -3 + 0 + -9.
-3
Calculate 10 - (-1 - (-5 + (-2 - -2))).
6
What is the value of (-11 - -7) + (2 - -3) + -2?
-1
Evaluate -5 + 3 + -4 + 4 + 8.
6
Calculate -2 + -9 + 3 + (2 - 0).
-6
What is the value of -7 - (-1 - 12) - -3?
9
Calculate (9 - (1 + 7)) + 0 + 0.
1
Calculate -10 + (-6 + 8 - -3).
-5
Calculate -6 - (-10 - (-8 + 2)) - -7.
5
Calculate (5 - ((-4 - -6) + -1)) + -3.
1
Calculate 2 - (-8 - -6) - -2.
6
Evaluate 6 + 0 + (-32 - -28).
2
What is 4 + 6 + -1 + -11 + 7?
5
What is the value of (-3 - (-4 + 2)) + 3?
2
Evaluate 6 - 0 - (-5 - (5 - 6)).
10
Calculate -2 - 0 - 2 - -8.
4
What is (1 - (3 + -1)) + -2 + 0?
-3
Calculate (4 - 1) + (-7 - (14 - 23)).
5
7 + 5 + (0 - 7)
5
Calculate 2 + (-4 + -2 - -2 - -2).
0
Calculate 7 + -21 + 8 + 6.
0
What is -2 + 0 + -1 + 3?
0
Evaluate 11 + (-11 + -4 - -8).
4
What is the value of (-7 - (6 + -11)) + -2?
-4
Calculate 8 + -8 - (-1 + 1 + -2).
2
Calculate -1 + -3 - (2 + -7).
1
-1 + -2 + (-1 - (1 + -4))
-1
What is the value of -9 - -1 - -11 - 10?
-7
Calculate -11 - (3 + 4) - -11.
-7
What is 3 + (-10 + 0 - -5 - 1)?
-3
Calculate (7 - ((-6 - -5) + 5)) + 3.
6
(-12 - -10) + (2 - 3) + 2
-1
What is -18 + -1 + (122 - 109)?
-6
-3 + 6 + 4 + 0 + -5
2
What is the value of (78 - 89) + (-1 - -3)?
-9
Evaluate -4 + -1 - 0 - -4.
-1
What is (-65 - -61) + -2 + 3?
-3
Calculate -4 + (0 + 5 + -3 - 0).
-2
What is (-9 - (-11 - -1)) + 3?
4
Evaluate -2 + -8 + -12 + 19.
-3
Calculate 16 - (11 - -3) - 1.
1
Calculate -4 - -1 - (-5 + (-2 - -4)).
0
Calculate -1 - (-1 + -4 + 0 + 3).
1
What is (9 + (-4 - -1) - -5) + -6?
5
Calculate -14 + 11 + -1 + 1 + 2.
-1
Calculate (0 - 0) + 5 - 0.
5
What is the value of 3 + -3 - (-4 + 9) - -1?
-4
What is the value of 2 - (-1 + 2) - (28 + -22)?
-5
What is the value of 9 + (9 - 13) + -1?
4
Calculate (-2 - (3 + -4)) + 5.
4
What is the value of 2 + (0 - (-3 + 1)) - 3?
1
What is the value of 3 - -3 - 15 - -4?
-5
What is the value of 1 + (-5 - 0) + -10 + 10?
-4
4 - 4 - -2 - (-2 + -4)
8
What is 4 + -5 + 1 + -8 + 7?
-1
Calculate -11 - -6 - -9 - (0 - -7).
-3
(4 - (6 - 3)) + (10 - 9)
2
Evaluate -9 + 15 + -9 + 9.
6
Calculate 10 - (-3 + -9 + 16).
6
What is (-8 - (-8 + 0)) + -6 - -4?
-2
What is -2 + -4 + 4 - (-3 - -1)?
0
What is the value of (0 - -1) + (1 - -2)?
4
What is the value of (2 - (9 - 2)) + 1 + 8?
4
13 - 10 - (5 - (3 + 4))
5
Evaluate 0 + 4 + -5 + 6.
5
What is 1 - ((2 - 3 - 1) + 0)?
3
-11 - (-2 - (28 + -12))
7
Evaluate -1 + 4 + -2 - 2.
-1
6 + 18 + -31 + (-2 - -3)
-6
-12 + 10 - -14 - (2 + 1)
9
Evaluate 21 + -7 - 0 - 12.
2
What is 2 + (4 - (-3 + (3 - -4)))?
2
-2 + (7 - (-13 - -27))
-9
Calculate -2 + -4 + (4 - 1) + 1.
-2
What is the value of -14 + -1 + 10 - 1?
-6
Calculate 0 + 3 - (2 + -9 + 12).
-2
What is 35 - 34 - (-2 + 1 - -2)?
0
What is the value of -1 + (3 - 7) + 5?
0
Calculate 9 + (-2 + -3 - 0) + 1.
5
Calculate (1 - (0 + 4)) + 6.
3
Calculate -8 + (0 - -7 - (1 - -2)).
-4
Evaluate -6 + 3 + -6 + 13.
4
Calculate (0 - (10 + -16)) + -13.
-7
-3 + 19 + -1 + (-1 - 5)
9
What is the value of -1 + 1 + 39 + -48 - -6?
-3
What is 2 - -9 - (5 + 1)?
5
Evaluate (-1 - 0) + (-4 - -1) + 6.
2
Evaluate -27 + 17 + (3 + 3 - 2).
-6
What is the value of (-6 + 11 - -1) + -4?
2
-1 - (-6 - -3 - -4) - 3
-5
Calculate -1 + 7 - -1 - 5.
2
Calculate -7 + (-5 - 1) + 24 + -21.
-10
What is -7 + (-1 - (1 - 9))?
0
What is the value of 1 + -4 + (-5 - (4 - 13))?
1
(3 - 0) + (6 - 5)
4
What is the value of 1 + (-5 - -8 - 2)?
2
What is 1 - ((3 - (4 - -1)) + 2)?
1
Evaluate -5 + 0 + 3 + -24 + 19.
-7
(4 - (2 + 0) - 1) + -1
0
What is -5 - 2 - (-3 + 0)?
-4
-8 - -9 - ((4 - -4) + -4)
-3
What is -3 - (0 + (-2 + -2 - 1))?
2
What is (0 - 0) + (-2 - (2 - 8))?
4
(2 - (5 + -8)) + -7
-2
Calculate -10 - (-13 - (1 + -8)) - 4.
-8
What is (5 - (0 + 2)) + 4 + -7?
0
What is the value of 8 - (20 + (-8 - (2 + -3)))?
-5
What is the value of 9 - (27 + -8 + -2)?
-8
Calculate (1 + -3 - -3) + -2 - 1.
-2
Evaluate -1 + (4 - 2) - -4.
5
9 - (10 + -13 + 8)
4
Calculate (0 - (2 - 5)) + -1.
2
Evaluate 2 + 0 - (-3 - (-14 + 5)).
-4
What is (-8 - (-3 - 0)) + 10?
5
Calculate -8 + 15 + 4 + -1 + -5.
5
What is 1 + -4 - -5 - 2?
0
Calculate -2 - (2 + (-4 - 0 - -2)).
-2
2 + -2 + -3 - -1
-2
What is the value of (-13 + 5 - -1) + (11 - 3)?
1
What is the value of -8 - -4 - 4 - (-2 - 1)?
-5
Calculate -4 + (-1 - (5 + 0 + -12)).
2
What is the value of 4 - (3 - (2 + -3 + 2))?
2
What is the value of 2 + (-3 - 2) + 0 + 2?
-1
Evaluate 1 + 7 + (37 - 38).
7
Evaluate -51 + 53 - (-1 + (-4 - -2)).
5
3 + (2 - -1) + -3
3
Calculate 2 + -4 + 5 - (1 - -3).
-1
What is the value of 0 + 3 - (5 - (5 + -4))?
-1
What is (0 - -8) + 0 + -14?
-